h?
2
Suppose -o - 5*k = -54 + 16, 68 = 2*o + 2*k. Suppose -4*v + o = -15. What is the tens digit of v?
1
Suppose j = 13 + 5. Suppose 16 = -r + 4*s - 2, 4*r = -2*s + j. Suppose -4*m = -14 + r. What is the units digit of m?
3
Suppose 0*m + 3*m = -4*o + 12, -m = -o - 4. Let r = 4 + o. What is the units digit of r?
4
Let d(z) = -z**2 + 11*z - 9. What is the units digit of d(8)?
5
Suppose 0 = -4*y + 331 + 101. What is the hundreds digit of y?
1
Suppose 0 = -6*o + o + 15. Suppose 10 = -f + o*f. Suppose 0 = -f*k - w + 49 + 15, 0 = -5*k + 3*w + 48. What is the tens digit of k?
1
Suppose 10*v - 70 = 9*v. What is the tens digit of v?
7
Let l = 47 + 20. What is the tens digit of l?
6
Let y(w) = -w**2 - 6*w + 9. Let d be y(-7). Suppose l - 4*h - 8 = 0, -4*l + 4 = -d*l + 4*h. What is the units digit of l?
4
Let m be -2 + (-2*3 - -1). Let o(z) = z**2 + 9*z - 6. Let l be o(m). Let w = 29 + l. What is the units digit of w?
9
Let r = -12 - -18. Suppose 4*a = r*a - 56. What is the tens digit of a?
2
Suppose 4*r - 4 = 4. Suppose 0 = 3*k - r*k - 60. Suppose -3*v = 2*v - k. What is the units digit of v?
2
Let f = 1 + 0. Suppose -5 = 2*p + f. Let b = 6 + p. What is the units digit of b?
3
Let r(h) = 2*h**3 - 3*h + 1. Let n(v) = v**2 - v. Let j(p) = -n(p) - r(p). Let l be j(-3). Let d = l + -23. What is the units digit of d?
9
Let u(v) = v**2 + v - 3. Let j be u(4). Suppose -w + j + 2 = r, -11 = -r + w. What is the tens digit of r?
1
Let p = 42 - 7. Suppose 2*k + 2*k = 2*h + 110, 2*k + 3*h = p. What is the tens digit of k?
2
Suppose 236 = -50*g + 54*g. What is the units digit of g?
9
Let m be 0/((-4)/(-4*1)). Suppose k - o = 15, m*k - 4*o + 18 = 2*k. What is the tens digit of k?
1
Suppose p + m - 5*m - 18 = 0, -m = 2*p - 9. What is the units digit of p?
6
Suppose -4*y - 2*v - v + 281 = 0, 0 = 4*v + 4. What is the tens digit of y?
7
What is the tens digit of (-12)/(-3 + 14/6)?
1
Let m(j) = 2*j**3 - 2*j**2 - 3*j + 2. Let z be m(2). Let b(f) = -3*f - 2*f + 1 - z. What is the units digit of b(-2)?
7
Let r(k) = 4*k**2 - 3*k + 3. Let l(g) = -5*g**2 + 4*g - 3. Let j(o) = -5*l(o) - 6*r(o). Let h be j(4). Suppose -4*v = -h*v + 2. What is the units digit of v?
2
Let x(y) = y + 3. Let d = -13 - -9. Let i = 0 - d. What is the units digit of x(i)?
7
What is the units digit of 4/(-1)*237/(-12)?
9
What is the units digit of 399/9 - 2/6?
4
Let a(u) be the second derivative of u**5/20 - u**4/2 - 7*u**3/6 + 5*u**2/2 + 3*u. Let l = 11 - 4. What is the units digit of a(l)?
5
Suppose 4*u - 6*u = 2*t - 68, t + 4*u - 46 = 0. What is the units digit of t?
0
Let d = 188 - 19. What is the units digit of d?
9
Let m(r) = -r**2 - 6*r - 1. Let w be m(-5). Suppose 29 = 3*t - 5*v, t = w*t - v - 25. What is the units digit of t?
8
Let d(o) = -14*o + 22. What is the units digit of d(-9)?
8
Suppose f = 3*f. Suppose 4*r - 40 = -f*r. Suppose -2*b - r = -28. What is the units digit of b?
9
Suppose 2*f - 3*z + 1 = 0, -6 = -4*f - 4*z + 22. Suppose f*n - 2*j = 14, -n - 4*j = -j - 7. Suppose -n = -t + 5. What is the units digit of t?
9
Suppose t - 11 = 3*w + 20, -3*t - 6 = 2*w. Let s(p) = -p**3 - 8*p**2 + 8*p + 7. Let x be s(w). Suppose 4*l + 4 - x = 0. What is the units digit of l?
3
Suppose 5*s - s = 12. Let z(u) = -u**3 + 4*u**2 - 3*u + 2. Let b be z(s). What is the units digit of 0/(2/2) + b?
2
Suppose -5*q - 3*n = 58 + 7, -4*q - 3*n - 55 = 0. Let a = q - -19. What is the units digit of a?
9
Let y be -2 + (3 - -21 - -1). Let u = y - 9. What is the units digit of u?
4
Let a = 0 + -12. Let l = -10 - a. What is the units digit of l?
2
Let p(o) = 10 - 31 + 11 + 7*o + 0*o. What is the tens digit of p(3)?
1
Let z be (0 + 2)/(2/(-3)). Let s be (-4)/z + 6/9. Suppose 3*c - s*p = 2*c + 15, 2*c - 30 = -3*p. What is the tens digit of c?
1
Let h = -5 - -10. Suppose -4*w + 10*r + 83 = h*r, 42 = 2*w - 2*r. What is the units digit of w?
2
Let w = -20 + 69. What is the tens digit of w?
4
Let k(j) = -j**3 + 4*j**2 + 2*j. Let p be k(4). Let h(f) = f - 1. What is the units digit of h(p)?
7
Let b be 2/(-6) - 183/(-9). Let g = b + -12. What is the units digit of g?
8
Suppose -m + 8 = m. Let b(z) = -z**3 + 4*z**2 + 5*z - 5. Let a be b(m). Suppose 5*l = a - 5. What is the units digit of l?
2
Let u(l) = -l**2 - 13*l - 21. What is the units digit of u(-7)?
1
Let t = 107 - 60. Let p = t + 4. What is the units digit of p?
1
Let l(s) = -s**3 - 2*s**2 + 3*s - 1. Let m be l(-3). What is the units digit of m/(-1) - (-4 + -6)?
1
Let v be (-9)/(-6)*(-44)/(-6). Let g be 30/8 + 1/4. Suppose 5*y = g*y + v. What is the tens digit of y?
1
What is the units digit of ((-24)/9)/((-5)/195)?
4
Let c(b) be the first derivative of -8*b + b**2 - 2 - 2*b**3 + 1/4*b**4. What is the units digit of c(6)?
4
Let y(n) = -4*n - 9. Let j(t) = -9*t - 19. Let b(q) = 2*j(q) - 5*y(q). What is the tens digit of b(5)?
1
Let o(f) = 3*f**3 + 6*f**2 + 3*f + 4. Let k(b) = -3*b**3 - 7*b**2 - 4*b - 4. Let g(q) = 5*k(q) + 6*o(q). What is the units digit of g(2)?
8
Let d(j) = -5*j - 1. What is the tens digit of d(-4)?
1
Suppose r - 11 = 2*x, x - 4*x + 9 = 0. What is the tens digit of r?
1
What is the units digit of (-5)/10*26*-3?
9
What is the units digit of (-5 + -1)/((-4)/18)?
7
Let f(p) = 3*p - 3. Let v = 2 - -2. What is the units digit of f(v)?
9
Suppose 2*f - 2 = 2*d - 3*d, 5*d - 10 = 4*f. Suppose 3*g + d*g = 85. What is the units digit of g?
7
Let j be ((-6)/15)/((-3)/30). Suppose w = -t - t + 4, j*w + t = 23. What is the units digit of w?
6
Suppose 10 = 2*h - 8. What is the units digit of 97/h + 6/27?
1
Suppose 4*c + 0*c + q = 871, 4*c - q - 873 = 0. What is the tens digit of c?
1
Let a(d) = 30*d**2 + 4*d - 4. What is the hundreds digit of a(-2)?
1
Let m(p) = 47*p - 33. What is the tens digit of m(5)?
0
Let n = -8 + 12. Let b(o) = -10*o**2 + 25*o + 4. Let x(f) = -7*f**2 + 17*f + 3. Let g(w) = 5*b(w) - 7*x(w). What is the units digit of g(n)?
7
Suppose -5 = v - 9. Suppose 4*k - 8 = q, -31 + 11 = -v*k. What is the units digit of q?
2
Let c = 0 + -3. What is the units digit of 7/(1*(-3)/c)?
7
Let y(o) = 5*o - 4. Let l be y(-4). Let c be (-6)/l + (-47)/(-4). Let n = -3 + c. What is the units digit of n?
9
Let t be -1 + (0 - (-2 - 2)). Suppose -5*g + 23 = -2. Suppose -t - 17 = -g*w. What is the units digit of w?
4
What is the tens digit of (8/24)/((-2)/(-258))?
4
Suppose -z = -0*z - 4. Suppose -2*w - 4*g - 6 = 0, -z*g - 79 + 31 = -4*w. Let r(p) = p**2 - 5*p - 7. What is the units digit of r(w)?
7
Let l(y) = y**2 - 10*y - 16. What is the units digit of l(13)?
3
Suppose 8*k - 276 = 2*k. Suppose k - 3 = o. What is the units digit of o?
3
Let o(k) = -k**3 + 6*k**2 + 9*k - 6. Let c(m) = -3*m + 3. Let z be c(5). Let h = z + 19. What is the units digit of o(h)?
8
Let q(r) = 3*r**2 + 4*r - 3. What is the tens digit of q(-5)?
5
Suppose -4*q + 20 = -5*z, 0*q + 3*z + 12 = -4*q. Suppose q = 4*w + 7 + 1. Let d(p) = -3*p**3 - p**2 - 2. What is the tens digit of d(w)?
1
Let p(b) = -b**2 - 13*b - 14. Let r be p(-11). Suppose -4*a = -3*a - r. What is the units digit of a?
8
Suppose -5 = 3*t + 2*t + 2*u, -2*u = -3*t - 3. Let k = t - -2. What is the units digit of k?
1
Suppose 0 = -d - 6 + 17. What is the tens digit of d?
1
Suppose -3*o + 5*h = 350, -362 = 3*o - 0*h + h. What is the units digit of (4/5)/((-3)/o)?
2
Suppose -6*y + 143 = -349. What is the units digit of y?
2
Let r(y) = -y**3 - 4*y**2 - 2. Let n be r(-2). Let s be 6/n + (-43)/(-5). Let f = s + -6. What is the units digit of f?
2
Suppose 0 = 3*f - 2*d - 191, 3*d + 0*d = -3*f + 171. What is the tens digit of f?
6
Let u(m) = 2*m + 5*m**2 - 2 + 4 + 2*m + m**3. Let k be u(-2). Suppose 5*s + b = 17, -4*b - k = -4*s - 2. What is the units digit of s?
3
Suppose 15 = 3*g - 3*j - 12, 3*g - 27 = 2*j. Suppose 4 = 3*s - 5. What is the units digit of -2 + 1 + g/s?
2
Let v = 158 + -97. What is the units digit of v?
1
Let l = 4 + 4. What is the units digit of -20*(-1 + 4/l)?
0
Suppose -2*m = 10 + 8. Let w(r) = 7*r - 6. Let l(y) = -15*y + 13. Let b(x) = m*w(x) - 4*l(x). What is the units digit of b(-5)?
7
Suppose -2*r - 2*t + 3 = -3, 15 = -3*r + 5*t. Let i be 0 + 4 + -2 + r. Suppose i*y - 45 = -y. What is the units digit of y?
5
Suppose 5*q + 7*w - 4*w = 105, 4*q + 2*w - 86 = 0. What is the units digit of q?
4
Let g(y) = 8*y. Let j be g